{"id":12,"date":"2025-07-18T19:46:00","date_gmt":"2025-07-18T22:46:00","guid":{"rendered":"https:\/\/comparetudoja.com.br\/?page_id=12"},"modified":"2025-07-18T19:46:00","modified_gmt":"2025-07-18T22:46:00","slug":"comparativos","status":"publish","type":"page","link":"https:\/\/comparetudoja.com.br\/?page_id=12","title":{"rendered":"Comparativos"},"content":{"rendered":"<div class=\"wp-block-group alignfull hostinger-ai-our-blog-1 hostinger-ai-fade-up has-global-padding is-layout-constrained wp-block-group-is-layout-constrained\" data-aos=\"fade-up\">\n    <div class=\"wp-block-group alignwide hostinger-ai-fade-up has-global-padding is-content-justification-left is-layout-constrained wp-container-core-group-is-layout-12dd3699 wp-block-group-is-layout-constrained\" data-aos=\"fade-up\">\n        <h2 class=\"wp-block-heading is-style-default hostinger-ai-title has-dark-color has-text-color has-link-color has-x-large-font-size wp-elements-f6820601ea812c437be5860b98df432d\" style=\"margin-bottom:var(--wp--preset--spacing--50)\">Comparar e Decidir<\/h2>\n        \n\n        \n        <div data-wp-context=\"{}\" data-wp-interactive=\"core\/query\" data-wp-key=\"24\" data-wp-router-region=\"query-24\" class=\"wp-block-query alignwide is-layout-flow wp-block-query-is-layout-flow\"><ul class=\"columns-2 post-item wp-block-post-template is-layout-grid wp-container-core-post-template-is-layout-02493678 wp-block-post-template-is-layout-grid\"><li data-wp-key=\"post-template-item-8\" class=\"wp-block-post post-8 post type-post status-publish format-standard has-post-thumbnail hentry category-sem-categoria\">\n            <figure class=\"wp-block-post-featured-image\"><a href=\"https:\/\/comparetudoja.com.br\/?p=8\" target=\"_self\"  ><img loading=\"lazy\" decoding=\"async\" width=\"530\" height=\"250\" src=\"https:\/\/images.unsplash.com\/photo-1673350963985-3cbbd3b25392?q=85&amp;w=530&amp;h=250&amp;fit=crop\" class=\"attachment-blog-thumb size-blog-thumb wp-post-image\" alt=\"Como Escolher Produtos de Acordo com Suas Necessidades\" style=\"border-radius:20px;object-fit:cover;\" \/><\/a><\/figure>\n\n            <h2 style=\"margin-bottom:0;margin-top:var(--wp--preset--spacing--20);\" class=\"wp-block-post-title has-large-font-size\"><a href=\"https:\/\/comparetudoja.com.br\/?p=8\" target=\"_self\" >Como Escolher Produtos de Acordo com Suas Necessidades<\/a><\/h2>\n\n            <div style=\"margin-bottom:0;margin-top:var(--wp--preset--spacing--20);\" class=\"wp-block-post-excerpt\"><p class=\"wp-block-post-excerpt__excerpt\">Entenda Suas Necessidades Antes de tomar qualquer decis\u00e3o de compra, \u00e9 fundamental que voc\u00ea identifique suas necessidades espec\u00edficas. Pergunte a&hellip; <\/p><\/div>\n\n            <div style=\"margin-top:var(--wp--preset--spacing--20);\" class=\"wp-block-post-date\"><time datetime=\"2025-07-18T19:45:59-03:00\">7\/18\/2025<\/time><\/div>\n            <\/li><li data-wp-key=\"post-template-item-6\" class=\"wp-block-post post-6 post type-post status-publish format-standard has-post-thumbnail hentry category-sem-categoria\">\n            <figure class=\"wp-block-post-featured-image\"><a href=\"https:\/\/comparetudoja.com.br\/?p=6\" target=\"_self\"  ><img loading=\"lazy\" decoding=\"async\" width=\"530\" height=\"250\" src=\"https:\/\/images.unsplash.com\/photo-1672968831840-ab691ce8f263?q=85&amp;w=530&amp;h=250&amp;fit=crop\" class=\"attachment-blog-thumb size-blog-thumb wp-post-image\" alt=\"Escolhendo o Produto Certo: Dicas para Decidir com Confian\u00e7a\" style=\"border-radius:20px;object-fit:cover;\" \/><\/a><\/figure>\n\n            <h2 style=\"margin-bottom:0;margin-top:var(--wp--preset--spacing--20);\" class=\"wp-block-post-title has-large-font-size\"><a href=\"https:\/\/comparetudoja.com.br\/?p=6\" target=\"_self\" >Escolhendo o Produto Certo: Dicas para Decidir com Confian\u00e7a<\/a><\/h2>\n\n            <div style=\"margin-bottom:0;margin-top:var(--wp--preset--spacing--20);\" class=\"wp-block-post-excerpt\"><p class=\"wp-block-post-excerpt__excerpt\">Introdu\u00e7\u00e3o Nos dias de hoje, a vasta gama de produtos dispon\u00edveis online pode ser tanto uma b\u00ean\u00e7\u00e3o quanto uma maldi\u00e7\u00e3o.&hellip; <\/p><\/div>\n\n            <div style=\"margin-top:var(--wp--preset--spacing--20);\" class=\"wp-block-post-date\"><time datetime=\"2025-07-18T19:45:59-03:00\">7\/18\/2025<\/time><\/div>\n            <\/li><\/ul><\/div>\n        <\/div>\n    <\/div>\n<div class=\"wp-block-group alignfull hostinger-ai-gallery-1 hostinger-ai-fade-up is-layout-flow wp-block-group-is-layout-flow\" data-aos=\"fade-up\">\n    <div class=\"wp-block-group alignwide hostinger-ai-fade-up has-global-padding is-layout-constrained wp-block-group-is-layout-constrained\" data-aos=\"fade-up\" style=\"padding-top:var(--wp--preset--spacing--60);padding-bottom:var(--wp--preset--spacing--60)\">\n        <h2 class=\"wp-block-heading has-text-align-center hostinger-ai-title has-dark-color has-text-color has-link-color has-x-large-font-size wp-elements-838df81955e23e462e42c71e6c4c71ab\" style=\"margin-top:0;margin-right:0;margin-bottom:var(--wp--preset--spacing--20);margin-left:0\">Comparar Produtos<\/h2>\n        \n\n        \n        <p class=\"has-text-align-center hostinger-ai-description has-dark-color has-text-color has-link-color has-medium-font-size wp-elements-b23abcfa1e0c476be9ca21c86840185e\" style=\"margin-top:0;margin-bottom:0\">Auxiliamos na escolha de produtos com base nas suas necessidades e prefer&ecirc;ncias pessoais.<\/p>\n        <\/div>\n    \n\n    \n    <div class=\"wp-block-group hostinger-ai-fade-up has-global-padding is-layout-constrained wp-block-group-is-layout-constrained\" data-aos=\"fade-up\">\n        <div class=\"wp-block-group alignwide hostinger-ai-fade-up is-content-justification-center is-nowrap is-layout-flex wp-container-core-group-is-layout-23441af8 wp-block-group-is-layout-flex\" data-aos=\"fade-up\">\n            <figure class=\"wp-block-image size-full has-custom-border hostinger-ai-image hostinger-index-2\"><img decoding=\"async\" src=\"https:\/\/images.unsplash.com\/photo-1600925345731-a1cb5c75d318?q=85&amp;w=800&amp;h=400&amp;fit=crop\" alt=\"A close-up view of a row of various hair product bottles with pump dispensers arranged neatly. The bottles have white labels with black text, some featuring the brand 'Davines'. The bottles contain different colored liquids, indicating different products such as shampoo and conditioner.\" class=\"wp-image-503\" style=\"border-radius:20px\"><\/figure>\n            \n\n            \n            <figure class=\"wp-block-image size-full has-custom-border hostinger-ai-image hostinger-index-3\"><img decoding=\"async\" src=\"https:\/\/images.unsplash.com\/photo-1655350953623-0b94928668a0?q=85&amp;w=300&amp;h=400&amp;fit=crop\" alt=\"A close-up view of two hair product containers set on top of a gray bag. One is a pump bottle being held by someone wearing a striped shirt, while the other is a refill pouch with printed labels and Japanese text.\" class=\"wp-image-504\" style=\"border-radius:20px\"><\/figure>\n            <\/div>\n        \n\n        \n        <div class=\"wp-block-group alignwide hostinger-ai-fade-up is-content-justification-center is-nowrap is-layout-flex wp-container-core-group-is-layout-4c8f56df wp-block-group-is-layout-flex\" data-aos=\"fade-up\" style=\"margin-bottom:var(--wp--preset--spacing--20)\">\n            <figure class=\"wp-block-image size-full has-custom-border hostinger-ai-image\"><img decoding=\"async\" src=\"https:\/\/images.unsplash.com\/photo-1619956169300-c15c511a1c27?q=85&amp;w=300&amp;h=400&amp;fit=crop\" alt=\"A selection of beauty products is arranged on a marble surface. On the left, two tubes of lotion are displayed, both featuring elegant cursive branding. In the center, an intricately designed perfume bottle with a stylish dress motif is prominently featured. To the right, makeup brushes with shiny metallic handles stand upright in a sleek holder. A black mascara tube lies in the foreground. The composition is accentuated by soft natural light and subtle shadows.\" class=\"wp-image-504\" style=\"border-radius:20px\"><\/figure>\n            \n\n            \n            <figure class=\"wp-block-image size-full has-custom-border hostinger-ai-image hostinger-index-1\"><img decoding=\"async\" src=\"https:\/\/images.unsplash.com\/photo-1681810935712-ad6325b1aac0?q=85&amp;w=800&amp;h=400&amp;fit=crop\" alt=\"A trio of facial skincare products, including a toner, serum, and cream, are neatly arranged on a wooden slab with a decorative flower and a green leaf beside them. The products have metallic caps, and the packaging features minimalist design with red and black text.\" class=\"wp-image-503\" style=\"border-radius:20px\"><\/figure>\n            <\/div>\n        <\/div>\n    <\/div>\n","protected":false},"excerpt":{"rendered":"<p>Comparar e Decidir Comparar Produtos Auxiliamos na escolha de produtos com base nas suas necessidades e prefer&ecirc;ncias pessoais.<\/p>\n","protected":false},"author":1,"featured_media":0,"parent":0,"menu_order":0,"comment_status":"closed","ping_status":"closed","template":"","meta":{"footnotes":""},"class_list":["post-12","page","type-page","status-publish","hentry"],"_links":{"self":[{"href":"https:\/\/comparetudoja.com.br\/index.php?rest_route=\/wp\/v2\/pages\/12","targetHints":{"allow":["GET"]}}],"collection":[{"href":"https:\/\/comparetudoja.com.br\/index.php?rest_route=\/wp\/v2\/pages"}],"about":[{"href":"https:\/\/comparetudoja.com.br\/index.php?rest_route=\/wp\/v2\/types\/page"}],"author":[{"embeddable":true,"href":"https:\/\/comparetudoja.com.br\/index.php?rest_route=\/wp\/v2\/users\/1"}],"replies":[{"embeddable":true,"href":"https:\/\/comparetudoja.com.br\/index.php?rest_route=%2Fwp%2Fv2%2Fcomments&post=12"}],"version-history":[{"count":0,"href":"https:\/\/comparetudoja.com.br\/index.php?rest_route=\/wp\/v2\/pages\/12\/revisions"}],"wp:attachment":[{"href":"https:\/\/comparetudoja.com.br\/index.php?rest_route=%2Fwp%2Fv2%2Fmedia&parent=12"}],"curies":[{"name":"wp","href":"https:\/\/api.w.org\/{rel}","templated":true}]}}